 remainder when 4836246 is divided by 3869.
3865
Calculate the remainder when 260026 is divided by 23617.
239
What is the remainder when 32071723 is divided by 5345287?
1
Calculate the remainder when 960998 is divided by 19.
16
What is the remainder when 13237605 is divided by 6618795?
15
Calculate the remainder when 2867545 is divided by 70.
65
Calculate the remainder when 213768466 is divided by 57.
55
Calculate the remainder when 9006936 is divided by 10.
6
What is the remainder when 16933103 is divided by 266?
75
What is the remainder when 7251984 is divided by 45?
9
Calculate the remainder when 4283694 is divided by 2128.
30
What is the remainder when 1914252 is divided by 248?
188
What is the remainder when 27173935 is divided by 16?
15
What is the remainder when 161849 is divided by 25?
24
What is the remainder when 2362962 is divided by 2145?
1317
Calculate the remainder when 240585 is divided by 77404.
8373
Calculate the remainder when 1186319 is divided by 84734.
43
Calculate the remainder when 277831 is divided by 46245.
361
Calculate the remainder when 2002464 is divided by 1000896.
672
Calculate the remainder when 902251 is divided by 427.
0
Calculate the remainder when 1468872 is divided by 15794.
30
What is the remainder when 361492 is divided by 805?
47
Calculate the remainder when 287531527 is divided by 1430.
1427
Calculate the remainder when 744295 is divided by 272.
103
Calculate the remainder when 201446 is divided by 911.
115
Calculate the remainder when 967744533 is divided by 211.
207
What is the remainder when 4075980 is divided by 1216?
1164
Calculate the remainder when 13986 is divided by 3163.
1334
What is the remainder when 232587 is divided by 76649?
2640
Calculate the remainder when 80456 is divided by 6491.
2564
What is the remainder when 4026918 is divided by 1553?
1542
What is the remainder when 3421127 is divided by 85528?
7
What is the remainder when 14910 is divided by 6692?
1526
Calculate the remainder when 615243 is divided by 205080.
3
Calculate the remainder when 967973 is divided by 3114.
2633
What is the remainder when 3333214 is divided by 3044?
34
Calculate the remainder when 2175157 is divided by 19421.
5
Calculate the remainder when 229852 is divided by 9193.
27
Calculate the remainder when 762441 is divided by 2877.
36
What is the remainder when 12871306 is divided by 245?
231
What is the remainder when 3394381 is divided by 24?
13
What is the remainder when 75278 is divided by 670?
238
What is the remainder when 225433023 is divided by 34412?
11
What is the remainder when 5519973 is divided by 11?
8
Calculate the remainder when 28524478 is divided by 96.
94
What is the remainder when 217984 is divided by 72643?
55
Calculate the remainder when 126110078 is divided by 4556.
4554
What is the remainder when 109336181 is divided by 30?
11
What is the remainder when 31261231 is divided by 152?
151
Calculate the remainder when 197812199 is divided by 30.
29
Calculate the remainder when 1075935 is divided by 568.
143
What is the remainder when 1571275 is divided by 22?
13
Calculate the remainder when 125082693 is divided by 22.
21
What is the remainder when 788023128 is divided by 3172?
3168
Calculate the remainder when 1669424 is divided by 239.
9
What is the remainder when 202994745 is divided by 40598946?
15
Calculate the remainder when 91185 is divided by 11112.
2289
What is the remainder when 3163314 is divided by 254?
252
Calculate the remainder when 3900901 is divided by 243804.
37
What is the remainder when 3869527 is divided by 104?
103
Calculate the remainder when 221565 is divided by 110358.
849
What is the remainder when 14486111 is divided by 1074?
1073
What is the remainder when 648709 is divided by 72013?
592
What is the remainder when 306968 is divided by 7704?
6512
What is the remainder when 17168 is divided by 1510?
558
What is the remainder when 5182809 is divided by 172760?
9
Calculate the remainder when 1099536 is divided by 274737.
588
What is the remainder when 507594 is divided by 169193?
15
What is the remainder when 482527 is divided by 60249?
535
What is the remainder when 288166 is divided by 2911?
2888
What is the remainder when 2027958 is divided by 72?
6
What is the remainder when 45865 is divided by 8880?
1465
Calculate the remainder when 410702 is divided by 1580.
1482
What is the remainder when 1561425 is divided by 151?
85
What is the remainder when 122797 is divided by 61214?
369
What is the remainder when 1165798 is divided by 209?
205
What is the remainder when 13678431 is divided by 154?
151
What is the remainder when 64266712 is divided by 6035?
6032
What is the remainder when 9755 is divided by 871?
174
Calculate the remainder when 468400572 is divided by 743.
741
What is the remainder when 1726035 is divided by 2280?
75
What is the remainder when 2249513 is divided by 72?
17
What is the remainder when 2720296 is divided by 247297?
29
Calculate the remainder when 263837 is divided by 141.
26
What is the remainder when 2897246 is divided by 36674?
0
What is the remainder when 7225972 is divided by 694?
44
Calculate the remainder when 2050006 is divided by 11141.
62
Calculate the remainder when 340500 is divided by 48640.
20
What is the remainder when 21899119 is divided by 16?
15
Calculate the remainder when 2090730 is divided by 765.
750
Calculate the remainder when 697657 is divided by 652.
17
What is the remainder when 143077 is divided by 143026?
51
Calculate the remainder when 2417832 is divided by 84.
60
What is the remainder when 159114 is divided by 2892?
54
Calculate the remainder when 9746396 is divided by 123.
122
Calculate the remainder when 60930 is divided by 30047.
836
What is the remainder when 9345337 is divided by 4672547?
243
What is the remainder when 3012138 is divided by 77230?
168
What is the remainder when 33411022 is divided by 276124?
18
Calculate the remainder when 82562 is divided by 13657.
620
Calculate the remainder when 28258 is divided by 3857.
1259
Calculate the remainder when 799691 is divided by 399829.
33
What is the remainder when 45807235 is divided by 63?
61
What is the remainder when 2912463 is divided by 1763?
1750
Calculate the remainder when 2287535 is divided by 81695.
75
Calculate the remainder when 697603 is divided by 22496.
227
Calculate the remainder when 357779 is divided by 2798.
2433
Calculate the remainder when 268642 is divided by 268559.
83
What is the remainder when 74573946 is divided by 1367?
1362
Calculate the remainder when 1280176 is divided by 2141.
1999
What is the remainder when 3697040 is divided by 4417?
11
Calculate the remainder when 23715331 is divided by 935.
926
What is the remainder when 1627842 is divided by 406959?
6
What is the remainder when 619510 is divided by 1307?
1299
Calculate the remainder when 16175424 is divided by 10.
4
Calculate the remainder when 3676392 is divided by 3535.
3527
What is the remainder when 21536425 is divided by 5989?
5970
What is the remainder when 172156 is divided by 85010?
2136
What is the remainder when 1254016 is divided by 250577?
1131
What is the remainder when 16293204 is divided by 53951?
2
What is the remainder when 35757331 is divided by 420674?
41
Calculate the remainder when 3951140 is divided by 273.
11
Calculate the remainder when 8187088 is divided by 77.
63
Calculate the remainder when 883519 is divided by 51970.
29
What is the remainder when 205915 is divided by 2299?
1304
Calculate the remainder when 988581 is divided by 20175.
6
Calculate the remainder when 32032 is divided by 178.
170
What is the remainder when 13714 is divided by 5442?
2830
What is the remainder when 630395 is divided by 764?
95
Calculate the remainder when 106796 is divided by 6268.
240
Calculate the remainder when 9596184 is divided by 288.
24
Calculate the remainder when 47139 is divided by 2475.
114
What is the remainder when 5308683 is divided by 1744?
1691
What is the remainder when 31985 is divided by 571?
9
Calculate the remainder when 6094466 is divided by 131.
84
Calculate the remainder when 71583 is divided by 327.
297
Calculate the remainder when 2538933 is divided by 121.
111
Calculate the remainder when 967897694 is divided by 445.
444
Calculate the rema